 - 5. Suppose -1 = z*f - 4*f. What is the units digit of 1/(-3)*0 + f?
1
Let g(i) = -5*i**2 - 4*i + i**2 + 3*i**2 + 5. Let d be g(-4). Suppose 6*q = q + d. What is the units digit of q?
1
Let q(h) = -47*h. Let k be q(-2). Let i = -67 + k. What is the units digit of i?
7
Suppose -27 = -3*g + 3. What is the tens digit of g?
1
Let u be -1 + 2/(-2) + 22. Suppose 0 = -6*g + g + u. Suppose 7*i - 4*h = 4*i, -g*h = 4*i - 28. What is the units digit of i?
4
Let l be 42/5 - (-4)/(-10). Let u = -1 + l. What is the units digit of u - (1 + 2*-1)?
8
What is the units digit of (-12 - -11)*(0 - 32)?
2
Let t(a) be the second derivative of -a**5/20 - 2*a**4/3 + 5*a**3/3 + 2*a**2 + 2*a. Let z be t(-9). What is the units digit of (z - -1)*36/(-16)?
9
Let g = 78 + -32. What is the units digit of g?
6
Let i(o) = -o**2 + o + 9. Let p be i(4). What is the units digit of 35 + 0 + (p - -3)?
5
Let t be -2 - 41*(-3)/(-1). What is the units digit of t/(-10) - (-2)/(-4)?
2
Let d be (-4)/(-18) - (-2)/(-9). Suppose d = -5*z + 18 + 27. What is the units digit of z?
9
Let d be 16 + -4*(-3)/12. Let t(s) = s + 21. What is the tens digit of t(d)?
3
Suppose 23*w = 21*w + 190. What is the tens digit of w?
9
Suppose -3*x + x + 206 = 0. Suppose -3*w - x = -4*b, 2*b + b - 86 = 4*w. What is the tens digit of b?
2
Suppose 3*c - 4*d = 74, -5*d - 120 = -c - 4*c. Let i = c - 3. What is the tens digit of i?
1
Let v = 0 - -2. Suppose 5*b - v = -7. Let i(y) = -8*y. What is the units digit of i(b)?
8
Let w(g) = g - 5. Suppose 24 + 11 = -5*j. Let v be w(j). What is the units digit of 3/2*(-16)/v?
2
Let a be 1/((1/3)/(-1)). What is the units digit of 6/9 - 103/a?
5
Suppose -55 = -v + 5*m, -v + 25 = -m + 2*m. Suppose 7*s = 2*s + v. What is the units digit of s?
6
Suppose 7*d = 90 + 169. What is the units digit of d?
7
Let s(l) = l**3 - 2*l**2 - l - 3. Suppose 0 = k - 0*k - 5*j, 2*j = 5*k - 46. Let d = k + -7. What is the units digit of s(d)?
3
Let w = -8 - -10. What is the tens digit of 21/(-14) - (-31)/w?
1
Suppose 0 = 2*j - 26 + 6. Suppose 3*x - j = -1. What is the units digit of x?
3
Let r = 14 + -11. What is the units digit of 4*(7 - r/(-1))?
0
Suppose 4*b = 22 - 2. Suppose 2*q - m = 23, -b*m = q - 42 + 3. What is the units digit of q?
4
Let w = -8 + 16. What is the units digit of w - 2*(-2)/(-4)?
7
Suppose -12 = h - 5*h. Suppose 0 = b + h*b - 48. What is the tens digit of b?
1
Suppose 0 = 2*o + 4*a - 434, 10*o - 14*o + 3*a = -923. What is the hundreds digit of o?
2
Suppose -137 = -2*h + 3*o - 26, 219 = 4*h - 5*o. What is the tens digit of h?
5
Suppose 3*k = -4*m + 188, 4*k - 181 = 2*m + 77. Suppose k = 4*r - 2*r. What is the tens digit of r?
3
Let k(s) = -s + 5. Let z = -4 - -4. Let y be k(z). Suppose -c + m - y = -12, 0 = -2*c + 4*m + 20. What is the units digit of c?
4
Suppose -2*z + 3*z - 5 = 0. Suppose -5*r + 12 = 3*n, 3*r - z*n - 21 = -7. Suppose r*c - 7 - 11 = -5*m, -4*c = 16. What is the units digit of m?
6
Let k(g) = -g**2 - 8*g - 6. Let q be k(-7). Suppose -2*r = -r - q. What is the units digit of r?
1
Let b(x) = -x**3 + 10*x**2 + 11*x + 11. Suppose m + 2*m = 33. What is the tens digit of b(m)?
1
Suppose -a - 4*a + 147 = 4*q, 0 = -a + 4*q + 15. What is the units digit of a?
7
Suppose 402 = 124*g - 122*g. What is the units digit of g?
1
Let g be (1/(-2))/((-1)/24). Let t be 2 + 24/(-36) + 2/(-6). Let c = g + t. What is the tens digit of c?
1
Suppose 52 = -6*h + 7*h. What is the tens digit of h?
5
Let a(h) = 6*h**2 - h + 2. Let z be a(2). Suppose 0 = 2*q + j - 3, 4 = -3*q - 5*j - 2. Suppose 5*w - q*w = z. What is the tens digit of w?
1
Let u(i) = 5*i - 6. What is the tens digit of u(7)?
2
Suppose -3*w + 15 = -4*n - 22, w - 2*n = 13. Let t = 11 - w. Suppose 4*v - 3 - 49 = t. What is the tens digit of v?
1
Let y = -30 - -62. Suppose 24 = u - 3*a, -7*a + y = u - 2*a. What is the tens digit of u?
2
Let c(k) = -11*k**2 - k. Let j be c(-1). Suppose -5*f + 22 - 47 = 0. Let w = f - j. What is the units digit of w?
5
Let w = 8 - 1. What is the units digit of w?
7
Suppose 3*l + 21 = 972. What is the tens digit of l?
1
Let p = 4 - -2. Let j be (-2)/p - (-16)/3. Suppose 4*i = -s - j + 21, -i = -s + 1. What is the units digit of i?
3
Let o be (0*(-2)/(-4))/(-1). Suppose 3*f = -2*n + 13, o = -n - 2*f + 7. Suppose -n*r - 8 = 3*q - 0*r, -5*r = 20. What is the units digit of q?
4
Suppose -2*t + 2*q = -10, -3*t = t + 3*q - 41. Let f = t + -5. What is the units digit of f?
3
Let s = 25 + 5. Suppose 0 = -4*d + s + 2. Let f = d - 6. What is the units digit of f?
2
Suppose -4*v - 46 = -5*g, g - 2*v = -g + 18. Let d = g - -8. What is the units digit of d?
8
Let r be 2/(-1 - 1) - -1. Suppose g - 3 + 1 = r. Suppose l = 1 + g. What is the units digit of l?
3
Suppose 45 = 2*s - 191. What is the tens digit of s?
1
Let b(x) = 4 - 1 + 2*x + 1 - 3. Let c(p) = -p. Let s(t) = -2*b(t) - 3*c(t). What is the units digit of s(-6)?
4
Let p be (-1)/((-1)/((-6)/(-3))). Let q(f) = f**2 - 4*f + 3. Let d be q(4). Suppose -25 = -3*j - p*j, 0 = -4*n + j + d. What is the units digit of n?
2
Suppose -5*o = -0 - 10. Let y be (-12)/8 - 14/(-4). Let u = o + y. What is the units digit of u?
4
Let n be (3/3)/(1/(-7)). Let a = 8 + n. What is the units digit of a?
1
Let o(k) = -k - 3. Let g be o(4). Let q(x) be the first derivative of -x**4/4 - 7*x**3/3 + 4*x + 1. What is the units digit of q(g)?
4
Suppose -4*z + 2*g = -4 - 0, -3*z + 5*g = -3. Suppose 2 = -k - 4*o, 3*o - z = 2*k + 3. What is the units digit of k + 2 + (-6)/(-2)?
3
Let h = -2 + 9. Suppose h = -y + 34. What is the units digit of y?
7
Suppose -6 = m - 4*m. Suppose -1 + 7 = 4*y - m*l, -5*l = 5*y - 30. What is the units digit of y?
3
Let t(m) = m**2 + m - 6. What is the tens digit of t(7)?
5
Let t be (-340)/(-55) - (-4)/(-22). Let y = t - -12. What is the tens digit of y?
1
Let t = -18 - -40. Let c = t - 3. What is the units digit of c?
9
Suppose -2*g + c = -9, -9 = -g + 2*c + 3. What is the units digit of 7/1 + -1 - g?
4
Let q = -161 - -237. What is the units digit of q?
6
Suppose 5*l + 32 = 3*u, 3*u - 32 = -2*u + 3*l. What is the units digit of u?
4
Suppose -5*z + 3 + 2 = 0, -3*b = 3*z - 75. What is the tens digit of b?
2
Let n = 256 + -113. What is the units digit of n?
3
Suppose 0 = -2*x + 3*x + 131. Let r = 196 + x. Suppose -2*l - n = -7*l + r, 4*l = -n + 43. What is the tens digit of l?
1
Let n = 3 - 1. Suppose -16 = 4*d + 4*c, -d + c - 9 = 3*c. Let a = n + d. What is the units digit of a?
3
Suppose 2*u + 3*l - 64 = 0, -5*l = -0*u + u - 39. What is the units digit of u?
9
Let x be (80/(-24))/((-1)/12). What is the tens digit of (-1)/(-4) - (-710)/x?
1
Suppose 68 = 3*l - 2*l. Suppose -4*q = -4*b + l, b + 0*q - 5 = -2*q. Suppose 4*g = 5*x + 37, 4*g = -5*x + 14 + b. What is the units digit of g?
8
Suppose 0 = 12*q - 1978 - 1346. What is the hundreds digit of q?
2
Let m be -2 - 0*2/(-6). What is the units digit of m/5 + 416/40?
0
Let b = 4 + -2. What is the units digit of 7 - (b + 1 - 3)?
7
Let c(o) = o**3 - 3*o**2 - o + 1. Let d be c(3). What is the units digit of d*(-7)/2 - -2?
9
Let v(o) = o**2 + 15*o + 18. Let k be v(-14). What is the units digit of (-48)/k*2/(-4)?
6
Suppose 2*h = 4*z - 354, 4*h - 36 = -2*z + 116. What is the tens digit of z?
8
Let i be (-2)/(-1*(-6)/(-21)). Suppose -10 = 2*v - i*v. What is the units digit of v/9 + (-215)/(-45)?
5
Let r(q) be the first derivative of -q**3/3 + 3*q**2 + 3*q - 1. Let v be r(6). Suppose -3*x + 1 = -5*z, -z - v*z - 4 = -4*x. What is the units digit of z?
1
Suppose -6*b + 878 = -b - g, 347 = 2*b + g. What is the tens digit of b?
7
Suppose -3*t + c + 2*c = -42, 2*t - c - 29 = 0. What is the units digit of t?
5
Let u be (-7)/(21/(-6)) + 0. What is the tens digit of (-1000)/(-30) - u/(-3)?
3
Suppose 0 = 3*f - 5*f + 40. What is the units digit of 4/(-18) + f/9?
2
Let z(w) = w**3 + 4*w**2 + 4*w + 2. Let o be z(-2). Let c be 3/(-3)*o + 2. Suppose n - 10 = -c*n. What is the tens digit of n?
1
Let k = 98 - 47. What is the units digit of k?
1
Let g = -125 + 286. What is the hundreds digit of g?
1
What is the units digit of (9/12)/((-3)/(-12))?
3
Suppose 0 = 3*f - 12 - 3. Let a(h) = 4*h + 1. Let x be a(f). Let p = x - 13. What is the units digit of p?
8
Let o(p) = p + 16. Let q be (-3 - (-1 + -2))*1. Suppose q = -8*c + 4*c. What i